{"id":24,"date":"2017-01-10T10:12:30","date_gmt":"2017-01-10T09:12:30","guid":{"rendered":"http:\/\/www.stammkoetter-gmbh.de\/wordpress\/?page_id=24"},"modified":"2025-10-06T15:07:48","modified_gmt":"2025-10-06T13:07:48","slug":"sondermaschinenbau-2","status":"publish","type":"page","link":"https:\/\/stammkoetter-gmbh.de\/wordpress\/","title":{"rendered":"Sondermaschinen aus G\u00fctersloh"},"content":{"rendered":"\n<p><\/p>\n\n\n\n<p><\/p>\n\n\n\n<div class=\"wp-block-group is-layout-grid wp-container-core-group-is-layout-6be84c55 wp-block-group-is-layout-grid\">\n<div class=\"wp-block-cover has-custom-content-position is-position-bottom-center\"><img loading=\"lazy\" decoding=\"async\" width=\"576\" height=\"1024\" class=\"wp-block-cover__image-background wp-image-1572\" alt=\"\" src=\"https:\/\/stammkoetter-gmbh.de\/wordpress\/wp-content\/uploads\/2023\/10\/Fraeser-mit-Absaughaube-576x1024.jpg\" data-object-fit=\"cover\" srcset=\"https:\/\/stammkoetter-gmbh.de\/wordpress\/wp-content\/uploads\/2023\/10\/Fraeser-mit-Absaughaube-576x1024.jpg 576w, https:\/\/stammkoetter-gmbh.de\/wordpress\/wp-content\/uploads\/2023\/10\/Fraeser-mit-Absaughaube-169x300.jpg 169w, https:\/\/stammkoetter-gmbh.de\/wordpress\/wp-content\/uploads\/2023\/10\/Fraeser-mit-Absaughaube-768x1365.jpg 768w, https:\/\/stammkoetter-gmbh.de\/wordpress\/wp-content\/uploads\/2023\/10\/Fraeser-mit-Absaughaube-864x1536.jpg 864w, https:\/\/stammkoetter-gmbh.de\/wordpress\/wp-content\/uploads\/2023\/10\/Fraeser-mit-Absaughaube-720x1280.jpg 720w, https:\/\/stammkoetter-gmbh.de\/wordpress\/wp-content\/uploads\/2023\/10\/Fraeser-mit-Absaughaube.jpg 1134w\" sizes=\"auto, (max-width: 576px) 100vw, 576px\" \/><span aria-hidden=\"true\" class=\"wp-block-cover__background has-background-dim\"><\/span><div class=\"wp-block-cover__inner-container is-layout-flow wp-block-cover-is-layout-flow\">\n<p class=\"has-text-align-center has-large-font-size\"><a href=\"https:\/\/stammkoetter-gmbh.de\/wordpress\/category\/allgemein\/sondermaschinen\/holzbearbeitungsmaschinen\/\"><mark style=\"background-color:rgba(0, 0, 0, 0)\" class=\"has-inline-color has-white-color\">Holz-Bearbeitung<\/mark><\/a><\/p>\n<\/div><\/div>\n\n\n\n<div class=\"wp-block-cover has-custom-content-position is-position-bottom-center\"><img loading=\"lazy\" decoding=\"async\" width=\"576\" height=\"1024\" class=\"wp-block-cover__image-background wp-image-1629\" alt=\"\" src=\"https:\/\/stammkoetter-gmbh.de\/wordpress\/wp-content\/uploads\/2025\/09\/IMG_1336-Kopie-576x1024.jpg\" style=\"object-position:53% 13%\" data-object-fit=\"cover\" data-object-position=\"53% 13%\" srcset=\"https:\/\/stammkoetter-gmbh.de\/wordpress\/wp-content\/uploads\/2025\/09\/IMG_1336-Kopie-576x1024.jpg 576w, https:\/\/stammkoetter-gmbh.de\/wordpress\/wp-content\/uploads\/2025\/09\/IMG_1336-Kopie-169x300.jpg 169w, https:\/\/stammkoetter-gmbh.de\/wordpress\/wp-content\/uploads\/2025\/09\/IMG_1336-Kopie-768x1365.jpg 768w, https:\/\/stammkoetter-gmbh.de\/wordpress\/wp-content\/uploads\/2025\/09\/IMG_1336-Kopie-864x1536.jpg 864w, https:\/\/stammkoetter-gmbh.de\/wordpress\/wp-content\/uploads\/2025\/09\/IMG_1336-Kopie-720x1280.jpg 720w, https:\/\/stammkoetter-gmbh.de\/wordpress\/wp-content\/uploads\/2025\/09\/IMG_1336-Kopie-rotated.jpg 1134w\" sizes=\"auto, (max-width: 576px) 100vw, 576px\" \/><span aria-hidden=\"true\" class=\"wp-block-cover__background has-background-dim\"><\/span><div class=\"wp-block-cover__inner-container is-layout-flow wp-block-cover-is-layout-flow\">\n<p class=\"has-text-align-center has-large-font-size\"><a href=\"https:\/\/stammkoetter-gmbh.de\/wordpress\/wickelboecke\/\"><mark style=\"background-color:rgba(0, 0, 0, 0)\" class=\"has-inline-color has-white-color\">Wickel-B\u00f6cke<\/mark><\/a><\/p>\n<\/div><\/div>\n\n\n\n<div class=\"wp-block-cover has-custom-content-position is-position-bottom-center wp-container-content-2155ee95\"><img loading=\"lazy\" decoding=\"async\" width=\"768\" height=\"1024\" class=\"wp-block-cover__image-background wp-image-267\" alt=\"\" src=\"https:\/\/stammkoetter-gmbh.de\/wordpress\/wp-content\/uploads\/2017\/01\/IMG_5490-2-768x1024.jpg\" data-object-fit=\"cover\" srcset=\"https:\/\/stammkoetter-gmbh.de\/wordpress\/wp-content\/uploads\/2017\/01\/IMG_5490-2-768x1024.jpg 768w, https:\/\/stammkoetter-gmbh.de\/wordpress\/wp-content\/uploads\/2017\/01\/IMG_5490-2-225x300.jpg 225w, https:\/\/stammkoetter-gmbh.de\/wordpress\/wp-content\/uploads\/2017\/01\/IMG_5490-2-1152x1536.jpg 1152w, https:\/\/stammkoetter-gmbh.de\/wordpress\/wp-content\/uploads\/2017\/01\/IMG_5490-2.jpg 1224w\" sizes=\"auto, (max-width: 768px) 100vw, 768px\" \/><span aria-hidden=\"true\" class=\"wp-block-cover__background has-background-dim\"><\/span><div class=\"wp-block-cover__inner-container is-layout-flow wp-block-cover-is-layout-flow\">\n<p class=\"has-text-align-center has-large-font-size\"><a href=\"https:\/\/stammkoetter-gmbh.de\/wordpress\/category\/allgemein\/sondermaschinen\/metallbearbeitungsmaschinen\/\"><mark style=\"background-color:rgba(0, 0, 0, 0)\" class=\"has-inline-color has-white-color\">Metall-Bearbeitung<\/mark><\/a><\/p>\n<\/div><\/div>\n<\/div>\n\n\n\n<hr class=\"wp-block-separator has-css-opacity\"\/>\n\n\n\n<div class=\"wp-block-columns is-layout-flex wp-container-core-columns-is-layout-9d6595d7 wp-block-columns-is-layout-flex\">\n<div class=\"wp-block-column is-layout-flow wp-block-column-is-layout-flow\" style=\"flex-basis:33.3%\">\n<h4 class=\"wp-block-heading\">UNSER UMFASSENDES ANGEBOT:<\/h4>\n\n\n\n<ul class=\"wp-block-list\">\n<li><a href=\"https:\/\/stammkoetter-gmbh.de\/wordpress\/sondermaschinen\/\">Sondermaschinen<\/a><\/li>\n\n\n\n<li><a href=\"https:\/\/stammkoetter-gmbh.de\/wordpress\/leistungen\/\">Nachr\u00fcsten + Modifizieren<\/a><\/li>\n\n\n\n<li><a href=\"https:\/\/stammkoetter-gmbh.de\/wordpress\/leistungen\/\">Ersatzteilservice<\/a><\/li>\n\n\n\n<li><a href=\"https:\/\/stammkoetter-gmbh.de\/wordpress\/leistungen\/\">Konstruktion<\/a><\/li>\n\n\n\n<li><a href=\"https:\/\/stammkoetter-gmbh.de\/wordpress\/leistungen\/\">Fertigung<\/a><\/li>\n\n\n\n<li><a href=\"https:\/\/stammkoetter-gmbh.de\/wordpress\/leistungen\/\">Montagen<\/a><\/li>\n\n\n\n<li><a href=\"https:\/\/stammkoetter-gmbh.de\/wordpress\/leistungen\/\">Technische Dokumentationen<\/a><\/li>\n<\/ul>\n\n\n\n<p class=\"has-text-align-right\">&#8230; gerne auch als Lohnfertigung<\/p>\n<\/div>\n\n\n\n<div class=\"wp-block-column is-layout-flow wp-block-column-is-layout-flow\">\n<h4 class=\"wp-block-heading\">WARUM WIR? &#8211; Ihre Vorteile:<\/h4>\n\n\n\n<ul class=\"wp-block-list\">\n<li>Erfahrung und Knowhow im Sondermaschinenbau seit 1985.<\/li>\n\n\n\n<li>Ausschlie\u00dflich qualifizierte Maschinenbauer in einem eingespieltem Team<\/li>\n\n\n\n<li>Kundenn\u00e4he: alle Anregungen, W\u00fcnsche und Informationen flie\u00dfen mit ein<\/li>\n\n\n\n<li>Ihre Sondermaschine aus einer Hand &#8211; individuelle Plaung und Projektierung<\/li>\n\n\n\n<li>innovative Konstruktionen<\/li>\n\n\n\n<li>schnelle Fertigung in unserem Hause<\/li>\n\n\n\n<li>Montagen durch unsere Fachkr\u00e4fte auch bei Ihnen vor Ort<\/li>\n\n\n\n<li>Zuhause in G\u00fctersloh &#8211; im Herzen des f\u00fchrenden <a href=\"https:\/\/www.owl-maschinenbau.de\/\">Maschinenbau-Standorts Ostwestfalen<\/a> Qualit\u00e4t und Wirtschaftlichkeit vereint<\/li>\n\n\n\n<li>kurze Dienstwege und langj\u00e4hrige Kontakte<\/li>\n<\/ul>\n\n\n\n<p><\/p>\n<\/div>\n<\/div>\n\n\n\n<p class=\"has-text-align-right\"><a href=\"https:\/\/stammkoetter-gmbh.de\/wordpress\/mittelstaendischesfamilienunternehmen\/\">hier geht&#8217;s zur Firmenvorstellung<\/a><\/p>\n\n\n\n<div class=\"wp-block-group\"><div class=\"wp-block-group__inner-container is-layout-flow wp-block-group-is-layout-flow\"><\/div><\/div>\n\n\n\n<p><\/p>\n","protected":false},"excerpt":{"rendered":"UNSER UMFASSENDES ANGEBOT: &#8230; gerne auch als Lohnfertigung WARUM WIR? &#8211; Ihre Vorteile: [&hellip;]","protected":false},"author":1,"featured_media":0,"parent":0,"menu_order":0,"comment_status":"closed","ping_status":"closed","template":"","meta":{"footnotes":""},"class_list":["post-24","page","type-page","status-publish","hentry"],"yoast_head":"<!-- This site is optimized with the Yoast SEO plugin v27.4 - https:\/\/yoast.com\/product\/yoast-seo-wordpress\/ -->\n<title>Stammk\u00f6tter Maschinenbau GmbH - Bohranlagen und S\u00e4gen mit Roboter f\u00fcr Leisten und Profile<\/title>\n<meta name=\"description\" content=\"Sondermaschinenbau in G\u00fctersloh - unsere Schwerpunkte: S\u00e4ge und Bohranlage - auch mit Roboter - f\u00fcr Profile, Leisten, Stollen etc...\" \/>\n<meta name=\"robots\" content=\"index, follow, max-snippet:-1, max-image-preview:large, max-video-preview:-1\" \/>\n<link rel=\"canonical\" href=\"https:\/\/stammkoetter-gmbh.de\/wordpress\/\" \/>\n<meta property=\"og:locale\" content=\"de_DE\" \/>\n<meta property=\"og:type\" content=\"article\" \/>\n<meta property=\"og:title\" content=\"Stammk\u00f6tter Maschinenbau GmbH - Bohranlagen und S\u00e4gen mit Roboter f\u00fcr Leisten und Profile\" \/>\n<meta property=\"og:description\" content=\"Sondermaschinenbau in G\u00fctersloh - unsere Schwerpunkte: S\u00e4ge und Bohranlage - auch mit Roboter - f\u00fcr Profile, Leisten, Stollen etc...\" \/>\n<meta property=\"og:url\" content=\"https:\/\/stammkoetter-gmbh.de\/wordpress\/\" \/>\n<meta property=\"og:site_name\" content=\"Stammk\u00f6tter Maschinenbau GmbH\" \/>\n<meta property=\"article:modified_time\" content=\"2025-10-06T13:07:48+00:00\" \/>\n<meta property=\"og:image\" content=\"https:\/\/stammkoetter-gmbh.de\/wordpress\/wp-content\/uploads\/2023\/10\/Fraeser-mit-Absaughaube.jpg\" \/>\n\t<meta property=\"og:image:width\" content=\"1134\" \/>\n\t<meta property=\"og:image:height\" content=\"2016\" \/>\n\t<meta property=\"og:image:type\" content=\"image\/jpeg\" \/>\n<meta name=\"twitter:card\" content=\"summary_large_image\" \/>\n<meta name=\"twitter:label1\" content=\"Gesch\u00e4tzte Lesezeit\" \/>\n\t<meta name=\"twitter:data1\" content=\"1\u00a0Minute\" \/>\n<script type=\"application\/ld+json\" class=\"yoast-schema-graph\">{\"@context\":\"https:\\\/\\\/schema.org\",\"@graph\":[{\"@type\":\"WebPage\",\"@id\":\"https:\\\/\\\/stammkoetter-gmbh.de\\\/wordpress\\\/\",\"url\":\"https:\\\/\\\/stammkoetter-gmbh.de\\\/wordpress\\\/\",\"name\":\"Stammk\u00f6tter Maschinenbau GmbH - Bohranlagen und S\u00e4gen mit Roboter f\u00fcr Leisten und Profile\",\"isPartOf\":{\"@id\":\"https:\\\/\\\/stammkoetter-gmbh.de\\\/wordpress\\\/#website\"},\"primaryImageOfPage\":{\"@id\":\"https:\\\/\\\/stammkoetter-gmbh.de\\\/wordpress\\\/#primaryimage\"},\"image\":{\"@id\":\"https:\\\/\\\/stammkoetter-gmbh.de\\\/wordpress\\\/#primaryimage\"},\"thumbnailUrl\":\"https:\\\/\\\/stammkoetter-gmbh.de\\\/wordpress\\\/wp-content\\\/uploads\\\/2023\\\/10\\\/Fraeser-mit-Absaughaube-576x1024.jpg\",\"datePublished\":\"2017-01-10T09:12:30+00:00\",\"dateModified\":\"2025-10-06T13:07:48+00:00\",\"description\":\"Sondermaschinenbau in G\u00fctersloh - unsere Schwerpunkte: S\u00e4ge und Bohranlage - auch mit Roboter - f\u00fcr Profile, Leisten, Stollen etc...\",\"breadcrumb\":{\"@id\":\"https:\\\/\\\/stammkoetter-gmbh.de\\\/wordpress\\\/#breadcrumb\"},\"inLanguage\":\"de\",\"potentialAction\":[{\"@type\":\"ReadAction\",\"target\":[\"https:\\\/\\\/stammkoetter-gmbh.de\\\/wordpress\\\/\"]}]},{\"@type\":\"ImageObject\",\"inLanguage\":\"de\",\"@id\":\"https:\\\/\\\/stammkoetter-gmbh.de\\\/wordpress\\\/#primaryimage\",\"url\":\"https:\\\/\\\/stammkoetter-gmbh.de\\\/wordpress\\\/wp-content\\\/uploads\\\/2023\\\/10\\\/Fraeser-mit-Absaughaube.jpg\",\"contentUrl\":\"https:\\\/\\\/stammkoetter-gmbh.de\\\/wordpress\\\/wp-content\\\/uploads\\\/2023\\\/10\\\/Fraeser-mit-Absaughaube.jpg\",\"width\":1134,\"height\":2016},{\"@type\":\"BreadcrumbList\",\"@id\":\"https:\\\/\\\/stammkoetter-gmbh.de\\\/wordpress\\\/#breadcrumb\",\"itemListElement\":[{\"@type\":\"ListItem\",\"position\":1,\"name\":\"Startseite\",\"item\":\"https:\\\/\\\/stammkoetter-gmbh.de\\\/wordpress\\\/\"},{\"@type\":\"ListItem\",\"position\":2,\"name\":\"Sondermaschinen aus G\u00fctersloh\"}]},{\"@type\":\"WebSite\",\"@id\":\"https:\\\/\\\/stammkoetter-gmbh.de\\\/wordpress\\\/#website\",\"url\":\"https:\\\/\\\/stammkoetter-gmbh.de\\\/wordpress\\\/\",\"name\":\"Stammk\u00f6tter Maschinenbau GmbH\",\"description\":\"Sondermaschinenbau aus G\u00fctersloh\",\"potentialAction\":[{\"@type\":\"SearchAction\",\"target\":{\"@type\":\"EntryPoint\",\"urlTemplate\":\"https:\\\/\\\/stammkoetter-gmbh.de\\\/wordpress\\\/?s={search_term_string}\"},\"query-input\":{\"@type\":\"PropertyValueSpecification\",\"valueRequired\":true,\"valueName\":\"search_term_string\"}}],\"inLanguage\":\"de\"}]}<\/script>\n<!-- \/ Yoast SEO plugin. -->","yoast_head_json":{"title":"Stammk\u00f6tter Maschinenbau GmbH - Bohranlagen und S\u00e4gen mit Roboter f\u00fcr Leisten und Profile","description":"Sondermaschinenbau in G\u00fctersloh - unsere Schwerpunkte: S\u00e4ge und Bohranlage - auch mit Roboter - f\u00fcr Profile, Leisten, Stollen etc...","robots":{"index":"index","follow":"follow","max-snippet":"max-snippet:-1","max-image-preview":"max-image-preview:large","max-video-preview":"max-video-preview:-1"},"canonical":"https:\/\/stammkoetter-gmbh.de\/wordpress\/","og_locale":"de_DE","og_type":"article","og_title":"Stammk\u00f6tter Maschinenbau GmbH - Bohranlagen und S\u00e4gen mit Roboter f\u00fcr Leisten und Profile","og_description":"Sondermaschinenbau in G\u00fctersloh - unsere Schwerpunkte: S\u00e4ge und Bohranlage - auch mit Roboter - f\u00fcr Profile, Leisten, Stollen etc...","og_url":"https:\/\/stammkoetter-gmbh.de\/wordpress\/","og_site_name":"Stammk\u00f6tter Maschinenbau GmbH","article_modified_time":"2025-10-06T13:07:48+00:00","og_image":[{"width":1134,"height":2016,"url":"https:\/\/stammkoetter-gmbh.de\/wordpress\/wp-content\/uploads\/2023\/10\/Fraeser-mit-Absaughaube.jpg","type":"image\/jpeg"}],"twitter_card":"summary_large_image","twitter_misc":{"Gesch\u00e4tzte Lesezeit":"1\u00a0Minute"},"schema":{"@context":"https:\/\/schema.org","@graph":[{"@type":"WebPage","@id":"https:\/\/stammkoetter-gmbh.de\/wordpress\/","url":"https:\/\/stammkoetter-gmbh.de\/wordpress\/","name":"Stammk\u00f6tter Maschinenbau GmbH - Bohranlagen und S\u00e4gen mit Roboter f\u00fcr Leisten und Profile","isPartOf":{"@id":"https:\/\/stammkoetter-gmbh.de\/wordpress\/#website"},"primaryImageOfPage":{"@id":"https:\/\/stammkoetter-gmbh.de\/wordpress\/#primaryimage"},"image":{"@id":"https:\/\/stammkoetter-gmbh.de\/wordpress\/#primaryimage"},"thumbnailUrl":"https:\/\/stammkoetter-gmbh.de\/wordpress\/wp-content\/uploads\/2023\/10\/Fraeser-mit-Absaughaube-576x1024.jpg","datePublished":"2017-01-10T09:12:30+00:00","dateModified":"2025-10-06T13:07:48+00:00","description":"Sondermaschinenbau in G\u00fctersloh - unsere Schwerpunkte: S\u00e4ge und Bohranlage - auch mit Roboter - f\u00fcr Profile, Leisten, Stollen etc...","breadcrumb":{"@id":"https:\/\/stammkoetter-gmbh.de\/wordpress\/#breadcrumb"},"inLanguage":"de","potentialAction":[{"@type":"ReadAction","target":["https:\/\/stammkoetter-gmbh.de\/wordpress\/"]}]},{"@type":"ImageObject","inLanguage":"de","@id":"https:\/\/stammkoetter-gmbh.de\/wordpress\/#primaryimage","url":"https:\/\/stammkoetter-gmbh.de\/wordpress\/wp-content\/uploads\/2023\/10\/Fraeser-mit-Absaughaube.jpg","contentUrl":"https:\/\/stammkoetter-gmbh.de\/wordpress\/wp-content\/uploads\/2023\/10\/Fraeser-mit-Absaughaube.jpg","width":1134,"height":2016},{"@type":"BreadcrumbList","@id":"https:\/\/stammkoetter-gmbh.de\/wordpress\/#breadcrumb","itemListElement":[{"@type":"ListItem","position":1,"name":"Startseite","item":"https:\/\/stammkoetter-gmbh.de\/wordpress\/"},{"@type":"ListItem","position":2,"name":"Sondermaschinen aus G\u00fctersloh"}]},{"@type":"WebSite","@id":"https:\/\/stammkoetter-gmbh.de\/wordpress\/#website","url":"https:\/\/stammkoetter-gmbh.de\/wordpress\/","name":"Stammk\u00f6tter Maschinenbau GmbH","description":"Sondermaschinenbau aus G\u00fctersloh","potentialAction":[{"@type":"SearchAction","target":{"@type":"EntryPoint","urlTemplate":"https:\/\/stammkoetter-gmbh.de\/wordpress\/?s={search_term_string}"},"query-input":{"@type":"PropertyValueSpecification","valueRequired":true,"valueName":"search_term_string"}}],"inLanguage":"de"}]}},"_links":{"self":[{"href":"https:\/\/stammkoetter-gmbh.de\/wordpress\/wp-json\/wp\/v2\/pages\/24","targetHints":{"allow":["GET"]}}],"collection":[{"href":"https:\/\/stammkoetter-gmbh.de\/wordpress\/wp-json\/wp\/v2\/pages"}],"about":[{"href":"https:\/\/stammkoetter-gmbh.de\/wordpress\/wp-json\/wp\/v2\/types\/page"}],"author":[{"embeddable":true,"href":"https:\/\/stammkoetter-gmbh.de\/wordpress\/wp-json\/wp\/v2\/users\/1"}],"replies":[{"embeddable":true,"href":"https:\/\/stammkoetter-gmbh.de\/wordpress\/wp-json\/wp\/v2\/comments?post=24"}],"version-history":[{"count":21,"href":"https:\/\/stammkoetter-gmbh.de\/wordpress\/wp-json\/wp\/v2\/pages\/24\/revisions"}],"predecessor-version":[{"id":1804,"href":"https:\/\/stammkoetter-gmbh.de\/wordpress\/wp-json\/wp\/v2\/pages\/24\/revisions\/1804"}],"wp:attachment":[{"href":"https:\/\/stammkoetter-gmbh.de\/wordpress\/wp-json\/wp\/v2\/media?parent=24"}],"curies":[{"name":"wp","href":"https:\/\/api.w.org\/{rel}","templated":true}]}}