{"id":48,"date":"2017-01-10T11:01:56","date_gmt":"2017-01-10T10:01:56","guid":{"rendered":"http:\/\/www.stammkoetter-gmbh.de\/wordpress\/?page_id=48"},"modified":"2025-09-15T10:54:43","modified_gmt":"2025-09-15T08:54:43","slug":"mittelstaendischesfamilienunternehmen","status":"publish","type":"page","link":"https:\/\/stammkoetter-gmbh.de\/wordpress\/mittelstaendischesfamilienunternehmen\/","title":{"rendered":"UNTERNEHMEN"},"content":{"rendered":"\n<p><\/p>\n\n\n\n<h2 class=\"wp-block-heading\" id=\"Unternehmensvorstellung\">Unternehmensvorstellung<\/h2>\n\n\n\n<p class=\"has-text-align-right\"><a href=\"https:\/\/stammkoetter-gmbh.de\/wordpress\/wp-content\/uploads\/2025\/09\/Stammkoetter-Maschinenbau-GmbH_V2409.pdf\" target=\"_blank\" rel=\"noreferrer noopener\">Unternehmensvorstellung als pdf<\/a><\/p>\n\n\n\n<p><\/p>\n\n\n\n<h3 class=\"wp-block-heading\">2022: Besser als Team<\/h3>\n\n\n\n<p>Zum 02.09.2022 wurde Inka Peitz als einzelvertretungsberechtigte Gesch\u00e4ftsf\u00fchrerin ernannt und leitet das Familienunternehmen gemeinsam mit Norbert Stammk\u00f6tter.<\/p>\n\n\n\n<div class=\"wp-block-media-text alignwide has-media-on-the-right is-stacked-on-mobile\" style=\"grid-template-columns:auto 36%\"><div class=\"wp-block-media-text__content\">\n<p>Inka Peitz, geb. Stammk\u00f6tter ist seit 2015 im Unternehmen t\u00e4tig und \u00fcbernahm neben der Projektierung zun\u00e4chst die Position der Assistenz ihres Vaters.<\/p>\n<\/div><figure class=\"wp-block-media-text__media\"><img decoding=\"async\" src=\"https:\/\/stammkoetter-gmbh.de\/wordpress\/wp-content\/uploads\/2020\/05\/Inka-Peitz-0009kl-1024x683.jpg\" alt=\"Inka Peitz und Norbert Stammk\u00f6tter\" class=\"wp-image-814 size-full\"\/><\/figure><\/div>\n\n\n\n<h3 class=\"wp-block-heading\">1985: Gr\u00fcndung als \u201eGaragen-Startup\u201c<\/h3>\n\n\n\n<div class=\"wp-block-media-text alignwide is-stacked-on-mobile is-vertically-aligned-center\" style=\"grid-template-columns:27% auto\"><figure class=\"wp-block-media-text__media\"><img decoding=\"async\" src=\"https:\/\/stammkoetter-gmbh.de\/wordpress\/wp-content\/uploads\/2020\/05\/20200326_115635-900x1024.jpg\" alt=\"Unsere Anf\u00e4nge im Maschinenbau\" class=\"wp-image-804 size-full\"\/><\/figure><div class=\"wp-block-media-text__content\">\n<p>Die Gr\u00fcndung erfolgte zum 01.01.1985 durch Norbert Stammk\u00f6tter in G\u00fctersloh. <\/p>\n\n\n\n<p>Seit 1996 befinden wir uns in den heutigen Gesch\u00e4ftsr\u00e4umen in G\u00fctersloh-Avenwedde.<\/p>\n<\/div><\/div>\n\n\n\n<h3 class=\"wp-block-heading\">Unsere Mitarbeiter als St\u00fctze<\/h3>\n\n\n\n<p>Unsere Mitarbeiter sind zum Teil seit Beginn der Gesch\u00e4ftst\u00e4tigkeit mit dabei sind. Qualifizierten Nachwuchs erhalten wir zum Gro\u00dfteil durch Investitionen in die <a href=\"https:\/\/stammkoetter-gmbh.de\/wordpress\/leider-kein-stellenangebot\/stellenangebot-ausbildung-zum-feinwerkmechaniker\/\">Ausbildung<\/a>. Als mittelst\u00e4ndisches Familienunternehmen setzen wir auf soziale Verantwortung unseren Mitarbeitern gegen\u00fcber.<\/p>\n\n\n\n<p>Fachliche Weiterbildungen werden stets unterst\u00fctzt und Perspektiven im Unternehmen geboten. Unsere Fluktuation ist sehr gering. Die ausgewogene Arbeitsatmosph\u00e4re schl\u00e4gt sich seit jeher auf die hohe Qualit\u00e4t unserer Leistungen positiv nieder!<\/p>\n\n\n\n<h3 class=\"wp-block-heading\">T\u00e4tigkeitsbereiche<\/h3>\n\n\n\n<p>Unser Unternehmen ist schon seit vielen Jahren \u00fcber die Grenzen OWLs hinaus t\u00e4tig und vertreibt mit Partnerunternehmen die gesch\u00e4tzen Serien- und Sondermaschinen weltweit.<\/p>\n\n\n\n<p>Die urspr\u00fcnglichen T\u00e4tigkeitsbereiche liegen aber im fundierten Schlosser-Handwerk. Und nat\u00fcrlich sind wir desalb auch weiterhin gleich um die Ecke ein gefragter Gesch\u00e4ftspartner bei Reparatur- und Wartungsauftr\u00e4gen oder f\u00fcr die Ersatzteilfertigung.<\/p>\n\n\n\n<p>Mit Qualit\u00e4t und schnellem Service k\u00f6nnen wir hier punkten.<\/p>\n\n\n\n<div style=\"height:44px\" aria-hidden=\"true\" class=\"wp-block-spacer\"><\/div>\n\n\n\n<p>Mitglied in: <a href=\"https:\/\/handwerk-owl.de\/de\/\" target=\"_blank\" rel=\"noreferrer noopener\">Handwerkskammer Ostwestfalen-Lippe zu Bielefeld<\/a><\/p>\n\n\n\n<p>sowie der <a href=\"https:\/\/metallinnung-gt.de\/\" target=\"_blank\" rel=\"noreferrer noopener\">Innung des Metallhandwerks G\u00fctersloh<\/a><\/p>\n","protected":false},"excerpt":{"rendered":"Unternehmensvorstellung Unternehmensvorstellung als pdf 2022: Besser als Team Zum 02.09.2022 wurde Inka Peitz [&hellip;]","protected":false},"author":1,"featured_media":0,"parent":0,"menu_order":0,"comment_status":"closed","ping_status":"closed","template":"","meta":{"footnotes":""},"class_list":["post-48","page","type-page","status-publish","hentry"],"yoast_head":"<!-- This site is optimized with the Yoast SEO plugin v27.5 - https:\/\/yoast.com\/product\/yoast-seo-wordpress\/ -->\n<title>Stammk\u00f6tter Maschinenbau - ein mittelst\u00e4ndisches Familienunternehmen<\/title>\n<meta name=\"description\" content=\"Wir stellen uns vor: mittelst\u00e4ndisches Familienunternehmen - Stellenangebote \/ Karriere \/ Jobs - Maschinenpark \/ Fertigungsm\u00f6glichkeiten - AGBs\" \/>\n<meta name=\"robots\" content=\"index, follow, max-snippet:-1, max-image-preview:large, max-video-preview:-1\" \/>\n<link rel=\"canonical\" href=\"https:\/\/stammkoetter-gmbh.de\/wordpress\/mittelstaendischesfamilienunternehmen\/\" \/>\n<meta property=\"og:locale\" content=\"de_DE\" \/>\n<meta property=\"og:type\" content=\"article\" \/>\n<meta property=\"og:title\" content=\"Stammk\u00f6tter Maschinenbau - ein mittelst\u00e4ndisches Familienunternehmen\" \/>\n<meta property=\"og:description\" content=\"Wir stellen uns vor: mittelst\u00e4ndisches Familienunternehmen - Stellenangebote \/ Karriere \/ Jobs - Maschinenpark \/ Fertigungsm\u00f6glichkeiten - AGBs\" \/>\n<meta property=\"og:url\" content=\"https:\/\/stammkoetter-gmbh.de\/wordpress\/mittelstaendischesfamilienunternehmen\/\" \/>\n<meta property=\"og:site_name\" content=\"Stammk\u00f6tter Maschinenbau GmbH\" \/>\n<meta property=\"article:modified_time\" content=\"2025-09-15T08:54:43+00:00\" \/>\n<meta name=\"twitter:card\" content=\"summary_large_image\" \/>\n<meta name=\"twitter:label1\" content=\"Gesch\u00e4tzte Lesezeit\" \/>\n\t<meta name=\"twitter:data1\" content=\"2\u00a0Minuten\" \/>\n<script type=\"application\/ld+json\" class=\"yoast-schema-graph\">{\"@context\":\"https:\\\/\\\/schema.org\",\"@graph\":[{\"@type\":\"WebPage\",\"@id\":\"https:\\\/\\\/stammkoetter-gmbh.de\\\/wordpress\\\/mittelstaendischesfamilienunternehmen\\\/\",\"url\":\"https:\\\/\\\/stammkoetter-gmbh.de\\\/wordpress\\\/mittelstaendischesfamilienunternehmen\\\/\",\"name\":\"Stammk\u00f6tter Maschinenbau - ein mittelst\u00e4ndisches Familienunternehmen\",\"isPartOf\":{\"@id\":\"https:\\\/\\\/stammkoetter-gmbh.de\\\/wordpress\\\/#website\"},\"primaryImageOfPage\":{\"@id\":\"https:\\\/\\\/stammkoetter-gmbh.de\\\/wordpress\\\/mittelstaendischesfamilienunternehmen\\\/#primaryimage\"},\"image\":{\"@id\":\"https:\\\/\\\/stammkoetter-gmbh.de\\\/wordpress\\\/mittelstaendischesfamilienunternehmen\\\/#primaryimage\"},\"thumbnailUrl\":\"https:\\\/\\\/stammkoetter-gmbh.de\\\/wordpress\\\/wp-content\\\/uploads\\\/2020\\\/05\\\/Inka-Peitz-0009kl-1024x683.jpg\",\"datePublished\":\"2017-01-10T10:01:56+00:00\",\"dateModified\":\"2025-09-15T08:54:43+00:00\",\"description\":\"Wir stellen uns vor: mittelst\u00e4ndisches Familienunternehmen - Stellenangebote \\\/ Karriere \\\/ Jobs - Maschinenpark \\\/ Fertigungsm\u00f6glichkeiten - AGBs\",\"breadcrumb\":{\"@id\":\"https:\\\/\\\/stammkoetter-gmbh.de\\\/wordpress\\\/mittelstaendischesfamilienunternehmen\\\/#breadcrumb\"},\"inLanguage\":\"de\",\"potentialAction\":[{\"@type\":\"ReadAction\",\"target\":[\"https:\\\/\\\/stammkoetter-gmbh.de\\\/wordpress\\\/mittelstaendischesfamilienunternehmen\\\/\"]}]},{\"@type\":\"ImageObject\",\"inLanguage\":\"de\",\"@id\":\"https:\\\/\\\/stammkoetter-gmbh.de\\\/wordpress\\\/mittelstaendischesfamilienunternehmen\\\/#primaryimage\",\"url\":\"https:\\\/\\\/stammkoetter-gmbh.de\\\/wordpress\\\/wp-content\\\/uploads\\\/2020\\\/05\\\/Inka-Peitz-0009kl-1024x683.jpg\",\"contentUrl\":\"https:\\\/\\\/stammkoetter-gmbh.de\\\/wordpress\\\/wp-content\\\/uploads\\\/2020\\\/05\\\/Inka-Peitz-0009kl-1024x683.jpg\"},{\"@type\":\"BreadcrumbList\",\"@id\":\"https:\\\/\\\/stammkoetter-gmbh.de\\\/wordpress\\\/mittelstaendischesfamilienunternehmen\\\/#breadcrumb\",\"itemListElement\":[{\"@type\":\"ListItem\",\"position\":1,\"name\":\"Startseite\",\"item\":\"https:\\\/\\\/stammkoetter-gmbh.de\\\/wordpress\\\/\"},{\"@type\":\"ListItem\",\"position\":2,\"name\":\"UNTERNEHMEN\"}]},{\"@type\":\"WebSite\",\"@id\":\"https:\\\/\\\/stammkoetter-gmbh.de\\\/wordpress\\\/#website\",\"url\":\"https:\\\/\\\/stammkoetter-gmbh.de\\\/wordpress\\\/\",\"name\":\"Stammk\u00f6tter Maschinenbau GmbH\",\"description\":\"Sondermaschinenbau aus G\u00fctersloh\",\"potentialAction\":[{\"@type\":\"SearchAction\",\"target\":{\"@type\":\"EntryPoint\",\"urlTemplate\":\"https:\\\/\\\/stammkoetter-gmbh.de\\\/wordpress\\\/?s={search_term_string}\"},\"query-input\":{\"@type\":\"PropertyValueSpecification\",\"valueRequired\":true,\"valueName\":\"search_term_string\"}}],\"inLanguage\":\"de\"}]}<\/script>\n<!-- \/ Yoast SEO plugin. -->","yoast_head_json":{"title":"Stammk\u00f6tter Maschinenbau - ein mittelst\u00e4ndisches Familienunternehmen","description":"Wir stellen uns vor: mittelst\u00e4ndisches Familienunternehmen - Stellenangebote \/ Karriere \/ Jobs - Maschinenpark \/ Fertigungsm\u00f6glichkeiten - AGBs","robots":{"index":"index","follow":"follow","max-snippet":"max-snippet:-1","max-image-preview":"max-image-preview:large","max-video-preview":"max-video-preview:-1"},"canonical":"https:\/\/stammkoetter-gmbh.de\/wordpress\/mittelstaendischesfamilienunternehmen\/","og_locale":"de_DE","og_type":"article","og_title":"Stammk\u00f6tter Maschinenbau - ein mittelst\u00e4ndisches Familienunternehmen","og_description":"Wir stellen uns vor: mittelst\u00e4ndisches Familienunternehmen - Stellenangebote \/ Karriere \/ Jobs - Maschinenpark \/ Fertigungsm\u00f6glichkeiten - AGBs","og_url":"https:\/\/stammkoetter-gmbh.de\/wordpress\/mittelstaendischesfamilienunternehmen\/","og_site_name":"Stammk\u00f6tter Maschinenbau GmbH","article_modified_time":"2025-09-15T08:54:43+00:00","twitter_card":"summary_large_image","twitter_misc":{"Gesch\u00e4tzte Lesezeit":"2\u00a0Minuten"},"schema":{"@context":"https:\/\/schema.org","@graph":[{"@type":"WebPage","@id":"https:\/\/stammkoetter-gmbh.de\/wordpress\/mittelstaendischesfamilienunternehmen\/","url":"https:\/\/stammkoetter-gmbh.de\/wordpress\/mittelstaendischesfamilienunternehmen\/","name":"Stammk\u00f6tter Maschinenbau - ein mittelst\u00e4ndisches Familienunternehmen","isPartOf":{"@id":"https:\/\/stammkoetter-gmbh.de\/wordpress\/#website"},"primaryImageOfPage":{"@id":"https:\/\/stammkoetter-gmbh.de\/wordpress\/mittelstaendischesfamilienunternehmen\/#primaryimage"},"image":{"@id":"https:\/\/stammkoetter-gmbh.de\/wordpress\/mittelstaendischesfamilienunternehmen\/#primaryimage"},"thumbnailUrl":"https:\/\/stammkoetter-gmbh.de\/wordpress\/wp-content\/uploads\/2020\/05\/Inka-Peitz-0009kl-1024x683.jpg","datePublished":"2017-01-10T10:01:56+00:00","dateModified":"2025-09-15T08:54:43+00:00","description":"Wir stellen uns vor: mittelst\u00e4ndisches Familienunternehmen - Stellenangebote \/ Karriere \/ Jobs - Maschinenpark \/ Fertigungsm\u00f6glichkeiten - AGBs","breadcrumb":{"@id":"https:\/\/stammkoetter-gmbh.de\/wordpress\/mittelstaendischesfamilienunternehmen\/#breadcrumb"},"inLanguage":"de","potentialAction":[{"@type":"ReadAction","target":["https:\/\/stammkoetter-gmbh.de\/wordpress\/mittelstaendischesfamilienunternehmen\/"]}]},{"@type":"ImageObject","inLanguage":"de","@id":"https:\/\/stammkoetter-gmbh.de\/wordpress\/mittelstaendischesfamilienunternehmen\/#primaryimage","url":"https:\/\/stammkoetter-gmbh.de\/wordpress\/wp-content\/uploads\/2020\/05\/Inka-Peitz-0009kl-1024x683.jpg","contentUrl":"https:\/\/stammkoetter-gmbh.de\/wordpress\/wp-content\/uploads\/2020\/05\/Inka-Peitz-0009kl-1024x683.jpg"},{"@type":"BreadcrumbList","@id":"https:\/\/stammkoetter-gmbh.de\/wordpress\/mittelstaendischesfamilienunternehmen\/#breadcrumb","itemListElement":[{"@type":"ListItem","position":1,"name":"Startseite","item":"https:\/\/stammkoetter-gmbh.de\/wordpress\/"},{"@type":"ListItem","position":2,"name":"UNTERNEHMEN"}]},{"@type":"WebSite","@id":"https:\/\/stammkoetter-gmbh.de\/wordpress\/#website","url":"https:\/\/stammkoetter-gmbh.de\/wordpress\/","name":"Stammk\u00f6tter Maschinenbau GmbH","description":"Sondermaschinenbau aus G\u00fctersloh","potentialAction":[{"@type":"SearchAction","target":{"@type":"EntryPoint","urlTemplate":"https:\/\/stammkoetter-gmbh.de\/wordpress\/?s={search_term_string}"},"query-input":{"@type":"PropertyValueSpecification","valueRequired":true,"valueName":"search_term_string"}}],"inLanguage":"de"}]}},"_links":{"self":[{"href":"https:\/\/stammkoetter-gmbh.de\/wordpress\/wp-json\/wp\/v2\/pages\/48","targetHints":{"allow":["GET"]}}],"collection":[{"href":"https:\/\/stammkoetter-gmbh.de\/wordpress\/wp-json\/wp\/v2\/pages"}],"about":[{"href":"https:\/\/stammkoetter-gmbh.de\/wordpress\/wp-json\/wp\/v2\/types\/page"}],"author":[{"embeddable":true,"href":"https:\/\/stammkoetter-gmbh.de\/wordpress\/wp-json\/wp\/v2\/users\/1"}],"replies":[{"embeddable":true,"href":"https:\/\/stammkoetter-gmbh.de\/wordpress\/wp-json\/wp\/v2\/comments?post=48"}],"version-history":[{"count":14,"href":"https:\/\/stammkoetter-gmbh.de\/wordpress\/wp-json\/wp\/v2\/pages\/48\/revisions"}],"predecessor-version":[{"id":1738,"href":"https:\/\/stammkoetter-gmbh.de\/wordpress\/wp-json\/wp\/v2\/pages\/48\/revisions\/1738"}],"wp:attachment":[{"href":"https:\/\/stammkoetter-gmbh.de\/wordpress\/wp-json\/wp\/v2\/media?parent=48"}],"curies":[{"name":"wp","href":"https:\/\/api.w.org\/{rel}","templated":true}]}}